 Let h(n) = -3*j(n) - 4*z(n). What is the units digit of h(-12)?
4
Suppose -7*b = -4*b - 459. What is the tens digit of b?
5
Suppose 3*c - 206 = -t + 2*t, 3*c + t = 208. What is the tens digit of c?
6
Let l(v) = 5*v + 52*v**2 - 2*v - 5*v - 1 + 0*v. Let x be l(-1). Suppose 3*i - w = 52, 2*i + 6*w = 3*w + x. What is the tens digit of i?
1
Let j(n) = -4*n**3 + 7*n + 10. What is the hundreds digit of j(-4)?
2
Let i = -2 - 0. Let v be 123/((-6)/i) + -1. Let h = -18 + v. What is the tens digit of h?
2
Let o = -29 - -16. Let q = o - -21. What is the units digit of q?
8
Suppose 4*i - 2*t - 328 = -0*t, -2*i = -5*t - 148. What is the units digit of i?
4
Let g be (3/3)/(1/2). Suppose -l + g*m = -2*m - 31, 2*m + 10 = 0. What is the tens digit of l?
1
Let t(m) = -m**3 - m**2 - 3*m - 2. Let k be t(-2). Let x(y) = y**2 + 11*y + 7. Let j be x(-10). Let h = k - j. What is the units digit of h?
1
Let y(w) = 3*w**3 + 5*w**2 - w - 3. Let f be y(3). What is the tens digit of 2/(-2 - f/(-58))?
2
Suppose 3*m = 6*m - 6. Let z(s) = 4*s + 2. What is the units digit of z(m)?
0
Let g = -7 - -13. Suppose 5*p - 14 = g. Suppose -3*v - 3*y + 9 = -0*v, -p*v - y + 15 = 0. What is the units digit of v?
4
Let q = -25 + 42. Suppose -5*t = o - 34, -2*o - 4*t + 63 + q = 0. What is the tens digit of o?
4
Let c = -16 + 11. Suppose -4*n = -3 - 1. What is the units digit of (n/(-3))/(c/45)?
3
Suppose 0 = 3*o - 2*l + 316, 4*o + 3*l = 2*o - 228. Let u = -77 - o. What is the units digit of u?
1
Let j = 128 - 62. What is the units digit of j?
6
Let h = 19 + -18. Suppose 0 = 3*c - 7*v + 4*v + 3, 0 = -2*v + 4. What is the units digit of (-1 - -1)/c + h?
1
Let y = 107 + -36. What is the units digit of y?
1
Let r(l) = l**2 + 5*l + 3. What is the units digit of r(-7)?
7
Suppose 0*w + 9 = 4*a - 3*w, 3*a = w + 13. Suppose -5*y + 19 = -a. Suppose 42 = 4*r + 3*m, -y*r - m = -23 - 24. What is the units digit of r?
9
What is the hundreds digit of (-1042)/(-8) + (-13)/4 + 3?
1
What is the tens digit of (-10)/(60/(-9))*304/6?
7
Let h(w) = w**2 - 10*w + 6. Let m be h(10). Suppose 394 - 64 = m*v. What is the tens digit of v?
5
Let g(m) = -m - 12. Let k be g(-6). Let c(f) = -f**2 - 7*f - 5. Let a be c(k). What is the units digit of 2/3 + a/3?
1
Let i(c) = 5 + 6 + 5 + c - 6. Let k be i(0). Suppose 4*w = 4*f + w - k, -5*f - 4*w + 28 = 0. What is the units digit of f?
4
What is the units digit of (-2 + 147)/(0/1 - -1)?
5
Let c(g) = -1 - g + 0*g + 8. Let t be ((-6)/(-2))/(5 - 4). What is the units digit of c(t)?
4
Let j be 3 + -2 - (0 + -1). Suppose 3*v - 38 = j*v. What is the tens digit of v?
3
Let z = -11 - -14. Suppose 4*q = -4*l + 39 - 7, z*l = q + 12. What is the units digit of l?
5
Let x(f) = f**3 + 4*f**2 - 6*f - 1. Let b be x(-5). Suppose 0 = -b*a - 12 - 4. Let z(j) = -2*j - 6. What is the units digit of z(a)?
2
Let x(f) = 19*f**2 + f. What is the tens digit of x(1)?
2
Let z(x) = -x**2 - 13*x - 11. What is the tens digit of z(-9)?
2
Let x = -7 + 26. What is the tens digit of x?
1
Let s = -17 - 5. Let l = 31 + s. Let r = -1 + l. What is the units digit of r?
8
Let w = -13 - -26. What is the units digit of w?
3
Let v(n) be the second derivative of -3*n - 7/6*n**3 + 0 + 9/2*n**2 - 1/12*n**4. What is the units digit of v(-7)?
9
Let v = -18 - -7. Let h be 14/(-21) + v/(-3). Suppose -2*s + 4 + h = 5*a, 3 = -a. What is the tens digit of s?
1
Suppose -6*s = -941 - 607. What is the tens digit of s?
5
Let h(p) be the first derivative of p**4/4 + p**3 + p**2 + 3*p + 3. What is the units digit of h(-2)?
3
Suppose -2*p + 14 + 44 = 0. What is the units digit of p?
9
What is the units digit of ((-49)/21)/(2/(-18))?
1
Suppose 9*z = 4*z + 40. What is the units digit of z?
8
Let d(b) be the first derivative of b**5/20 - b**4/3 + b**3/2 - 3*b**2 + b + 1. Let n(s) be the first derivative of d(s). What is the units digit of n(4)?
6
What is the tens digit of 2 + -1 + 32 + -1?
3
Let y be 50/15 + (-1)/3. Suppose f + 50 = 4*t + 3*f, -y = -f. What is the tens digit of t?
1
Suppose 0 = -4*x - 2 - 6. Let k be 1 - (1 + (-2 - x)). Suppose 4*s = -4*i + 40, 4*i + 3*s - 2 - 33 = k. What is the units digit of i?
5
Let o = -6 - -10. Let m(t) = o*t + 2 + 0 - 3*t. What is the tens digit of m(9)?
1
Let u be (-2)/(-3) + (-4)/(-3). Suppose -3 + 0 = 3*r. Let l = r + u. What is the units digit of l?
1
Suppose x - 18 = -4*v, 0*v - 4*v = -2*x - 24. Let k(d) = 2*d**2 - 4*d + 2. Let q be k(2). Let a = v + q. What is the units digit of a?
7
Let l(v) = 27*v**2 + v - 8. What is the tens digit of l(2)?
0
Let w(o) be the third derivative of 0*o + 0 + o**2 + 5/3*o**3 + 1/24*o**4. What is the units digit of w(-8)?
2
Suppose -5*f + 91 = -24. Suppose 6*w = w - 3*o + 47, -f = -2*w + 3*o. Suppose -5 - w = -3*z. What is the units digit of z?
5
Let j = 46 + 39. Suppose 7*m - j = 3*m - 3*d, 49 = 2*m - 5*d. What is the tens digit of m?
2
Let v = -91 - -131. Suppose -2*q - 3*q = -v. What is the units digit of q?
8
What is the units digit of ((-270)/21)/(2 - 45/21)?
0
What is the units digit of 0 + (85 - 1)/3?
8
Let w = 346 - 192. What is the units digit of w?
4
Let z(t) = -t**2 + 25*t - 17. What is the hundreds digit of z(17)?
1
Suppose -2*n + x - 656 = -7*n, 0 = 3*n + 3*x - 384. What is the hundreds digit of n?
1
Suppose -3*f = 4*y - 18, 4*y - 4*f - 3 = 1. Suppose -3 = y*b - 39. What is the units digit of b?
2
Let a be -6 + 2 + (1 - -1). Let d be a/(-6) - (-11)/3. Suppose 48 = 7*i - d*i. What is the units digit of i?
6
What is the units digit of -1 + (-1052)/(-36) - (-4)/(-18)?
8
Suppose 0 = 5*c + 27 - 2. Let n = c - -10. Let h = n + -2. What is the units digit of h?
3
Suppose -5*j + 90 = -310. What is the tens digit of j?
8
Suppose -5*o = -15, 5*g - 2*o - 3*o - 10 = 0. Suppose 2 = -g*t + 132. What is the tens digit of t?
2
Let b be (-18)/(-10) + 2/10. Suppose b*r - 7 - 29 = 0. What is the tens digit of r?
1
Let g be (0 + 2)/2 - -2. Let t(h) = -h**2 - h**3 + 3*h**2 + g + 2*h + h**2. What is the units digit of t(3)?
9
Suppose -4*q = q + 30. Let u be 0/3 - q*2. Suppose 2 = 2*t + t + y, -4*t + u = -y. What is the units digit of t?
2
Let x be 4/((-3)/((-3)/2)). Suppose 28 + x = 5*f. What is the units digit of (3/f)/(1/4)?
2
Suppose 0 = -2*n + 2 + 4. Suppose 5*m = n*b + 1 + 16, -5*b = -3*m + 23. What is the units digit of m?
1
Let i be 2 + (16 - -1)/1. What is the tens digit of -2 - (4 - i - 4)?
1
Suppose -8 - 22 = -5*g. Suppose g = -2*i - i. Let v = i - -5. What is the units digit of v?
3
Let o(q) = 6*q**2 - 3*q - 3. Let c be o(3). Let i be (1/((-3)/c))/1. What is the units digit of (1 - 6) + 3 - i?
2
Let c(f) = -f + 1. Let x be c(-1). Suppose 12 = 4*m - 2*o - 18, -3*o - 25 = -x*m. What is the units digit of 4 + m + -2 - 3?
4
Suppose -2*c - 20 = -7*c. Suppose -3*m + c = -5*j - 2, m + 4*j - 2 = 0. Suppose -4*g = -2*w, 2*w - 3*g = -m*w + 5. What is the units digit of w?
2
Let r(d) = 2*d**2 + 5*d + 4. What is the units digit of r(-5)?
9
Suppose -5*w = -x + 8, 3*x = -w + 30 - 6. Suppose -12 = -4*n + x. What is the units digit of n?
5
Let b be (-2)/(-7) - 405/21. Let y = -4 - b. What is the tens digit of y?
1
Suppose 3 = 4*k + 7. Let b(i) = -5*i - 1. Let g be b(k). Suppose -g*z + 17 = 1. What is the units digit of z?
4
Let l = 11 - 7. Suppose 4*j + 16 = l*f, 5 + 13 = 3*j + 3*f. What is the units digit of j?
1
What is the hundreds digit of (-1724)/(-7) - (-30)/(-105)?
2
Let v(b) = b**2 - 6*b - 11. Let w be v(8). Suppose -a + 5*g + 5 = -6*a, 13 = w*a - g. Suppose 4*r + 0*q - 25 = -q, -r = -a*q - 13. What is the units digit of r?
7
Let l = -650 - -947. What is the hundreds digit of l?
2
Let u(b) = -b**2 + 6*b - 6. Let y be u(4). Let z be (-21 + y)/(-1 + 0). Suppose z = 5*i + 2*w, -w - 1 = i - 3. What is the units digit of i?
5
What is the units digit of (116/12)/(2/18)?
7
Let j = 1 - -3. Let g(p) = 7*p - 2*p - 4*p - 2. What is the units digit of g(j)?
2
Let g(u) be the second derivative of -13*u**3/6 + u**2/2 + 2*u. Let q be g(1). What is the units digit of q/(-10) + (-1)/5?
1
Let p = 12 + -7. Suppose 76 = p*i + 6. What is the tens digit of i?
1
Let c be (3/2)/((-5)/(-20)). What is the units digit of 184/c - 2/3?
0
Suppose -3*f + 0*r = -3*r + 15, -3*f - 3*r - 15 = 0. Let u = 20 + f. Let h = u - 10. What is the units digit of h?
5
Let l = 84 - 31. What is the tens digi